he greatest common divisor of 55814 and 35948?
946
Calculate the greatest common divisor of 66 and 103033722.
66
Calculate the highest common factor of 885 and 1110782970.
885
What is the highest common divisor of 126 and 6491088?
18
What is the highest common factor of 582900 and 1169150?
3350
What is the highest common factor of 2112 and 60951?
33
Calculate the greatest common divisor of 1248275237 and 11.
11
Calculate the greatest common divisor of 913 and 10095373.
83
Calculate the greatest common divisor of 128652 and 55593.
213
What is the highest common factor of 9487602 and 10251?
603
What is the greatest common divisor of 47585 and 310?
155
Calculate the greatest common factor of 765 and 7149945.
255
What is the highest common factor of 34013525 and 1495?
65
Calculate the highest common divisor of 4080 and 23278440.
2040
What is the greatest common factor of 275723 and 55811?
833
What is the greatest common divisor of 1110 and 16525830?
30
Calculate the highest common factor of 1048875 and 374798.
2797
Calculate the greatest common factor of 4114 and 111391038.
374
Calculate the highest common factor of 5126863 and 1022.
511
What is the highest common factor of 30138209 and 122?
61
What is the highest common factor of 11797 and 1100384?
251
What is the greatest common divisor of 738 and 1812897?
369
What is the highest common factor of 1852 and 353286594?
926
Calculate the highest common divisor of 204389759 and 2737.
119
Calculate the greatest common factor of 50489 and 884239.
29
What is the greatest common factor of 1773 and 874998?
9
Calculate the greatest common divisor of 6768345 and 109869.
2073
What is the greatest common divisor of 417570 and 14415?
465
What is the greatest common divisor of 1092 and 286932?
12
Calculate the highest common factor of 2311903020 and 21.
21
Calculate the greatest common divisor of 228 and 1813452.
12
Calculate the greatest common divisor of 2310 and 33188430.
330
What is the highest common divisor of 1150 and 3267472?
46
Calculate the highest common factor of 222031411 and 5516.
1379
Calculate the highest common factor of 414516 and 10320.
12
What is the highest common divisor of 3048 and 593438742?
762
What is the greatest common factor of 911741 and 248?
31
What is the greatest common factor of 4288256 and 96768?
1792
Calculate the highest common factor of 272636 and 4186364.
2548
What is the greatest common divisor of 376374 and 1053342?
2526
What is the greatest common divisor of 2440 and 361928860?
1220
Calculate the highest common factor of 42 and 5874162.
42
Calculate the greatest common factor of 67080 and 3650712.
312
What is the highest common divisor of 252 and 57281532?
84
Calculate the highest common divisor of 696084 and 16143483.
4047
Calculate the highest common factor of 1595393943 and 11.
11
Calculate the highest common divisor of 31612994 and 1736.
434
What is the highest common factor of 125919373 and 9197?
541
What is the highest common factor of 16950708 and 6156?
324
What is the greatest common factor of 90136613 and 7?
7
Calculate the highest common factor of 8288 and 2748064.
1184
What is the highest common divisor of 4704095 and 7854253?
10571
Calculate the highest common divisor of 23703145 and 1503.
167
Calculate the highest common factor of 7489984 and 344.
8
What is the highest common factor of 659934 and 7128?
594
Calculate the greatest common divisor of 9660 and 316554.
42
Calculate the greatest common divisor of 7502 and 847106.
62
Calculate the highest common divisor of 413190 and 75.
15
What is the highest common divisor of 1149 and 28383?
3
Calculate the highest common divisor of 360479057 and 181.
181
What is the greatest common divisor of 1283 and 96431563?
1283
Calculate the greatest common divisor of 4509852 and 84.
12
What is the highest common factor of 2063430 and 225?
45
What is the greatest common factor of 1276 and 414436?
44
What is the greatest common factor of 258489 and 424809?
693
What is the greatest common divisor of 2896128683 and 3566?
1783
What is the greatest common factor of 4879440 and 1200?
240
Calculate the greatest common divisor of 322149 and 147387.
219
Calculate the greatest common divisor of 20047419 and 19845.
3969
What is the highest common factor of 53887870 and 292?
146
Calculate the highest common factor of 224 and 5507712.
224
What is the highest common factor of 1840 and 104731995?
115
Calculate the highest common factor of 8540 and 13884576.
244
What is the highest common divisor of 1712 and 64936?
8
Calculate the greatest common factor of 3270 and 447045.
15
Calculate the greatest common divisor of 21170598 and 114.
114
What is the greatest common divisor of 63 and 11231943?
3
Calculate the highest common divisor of 61281 and 7411906.
619
Calculate the highest common divisor of 23195 and 27128872.
4639
Calculate the highest common factor of 4247391 and 6492.
1623
Calculate the highest common factor of 339829347 and 3146.
1573
What is the greatest common divisor of 83640 and 252519?
123
Calculate the greatest common divisor of 273695 and 2345.
335
Calculate the greatest common factor of 174 and 183354.
6
Calculate the greatest common factor of 647 and 2602778127.
647
Calculate the greatest common factor of 660 and 61572390.
330
Calculate the greatest common factor of 2379 and 4186857.
183
Calculate the highest common divisor of 31588 and 69261756.
596
What is the greatest common factor of 22 and 113010161?
11
What is the greatest common divisor of 119018854 and 579?
193
Calculate the highest common divisor of 4009 and 3902023.
211
What is the highest common divisor of 33445 and 111264826?
6689
What is the highest common factor of 14 and 17284610?
14
Calculate the highest common divisor of 2212 and 82432392.
2212
Calculate the greatest common factor of 32380 and 2578540.
20
Calculate the highest common factor of 1168 and 49375156.
292
Calculate the highest common factor of 186412 and 24012.
116
Calculate the greatest common divisor of 11232 and 43504.
16
What is the greatest common factor of 309125 and 66771?
2473
What is the greatest common divisor of 338845991 and 44?
11
What is the greatest common divisor of 1056 and 5074872?
264
What is the greatest common divisor of 90955900 and 1700?
100
Calculate the highest common factor of 1609947 and 10209.
123
What is the highest common divisor of 10200206 and 10386?
1154
Calculate the greatest common factor of 2430 and 219125.
5
Calculate the greatest common factor of 7258 and 5016997.
191
What is the highest common factor of 2279350 and 1575?
25
Calculate the highest common factor of 3216531486 and 978.
978
Calculate the highest common divisor of 2 and 322968728.
2
What is the greatest common divisor of 106197 and 1583946?
273
Calculate the greatest common divisor of 2946104 and 616.
56
Calculate the greatest common factor of 2892 and 63001497.
723
What is the greatest common divisor of 212354 and 17266?
178
Calculate the greatest common factor of 1403 and 308897107.
1403
What is the highest common divisor of 60 and 82999992?
12
What is the highest common factor of 5402 and 258709883?
2701
What is the highest common factor of 2545394030 and 43?
43
Calculate the highest common factor of 233447840 and 320.
160
What is the highest common factor of 228919500 and 310?
310
Calculate the greatest common divisor of 83840 and 451688.
1048
What is the highest common factor of 275 and 16326497?
11
Calculate the highest common factor of 60 and 15373860.
60
What is the highest common divisor of 297134 and 12536526?
6322
Calculate the greatest common factor of 5148045 and 8260.
2065
What is the highest common factor of 16333032 and 102486?
5394
Calculate the greatest common divisor of 170567 and 18827.
281
What is the highest common factor of 33142 and 118?
2
Calculate the highest common factor of 5030 and 360882380.
5030
What is the greatest common divisor of 219 and 56273583?
219
What is the greatest common divisor of 222 and 446538?
6
Calculate the highest common factor of 4579990 and 920.
230
Calculate the highest common factor of 17 and 3336280277.
17
What is the highest common factor of 3916495115 and 65?
65
Calculate the greatest common factor of 95389923 and 6.
3
What is the hig